 h be 27 + w/(-10)*2. Let k = 92 + h. What is the hundreds digit of k?
1
Let z(l) = l**2 + 4*l + 73. Let h be 375/50*(1 - 3). What is the tens digit of z(h)?
3
Let p(h) = h**3 - 3*h**2 + h - 2. Let j be p(6). Let i = 126 - j. Suppose i*d = -0*d + 2492. What is the units digit of d?
8
Let r be 6*4/(-48) - 19/2. What is the tens digit of (r/(-6))/(1915/(-960) - -2)?
2
Let h be 12/(-10)*425/(-34). What is the tens digit of 8/(-10)*(-225)/h?
1
Suppose l + 1087 = 5*x + 14871, -6*x + 41226 = 3*l. What is the units digit of l?
4
Let x = -1008 - -1925. Let j = x + -598. What is the hundreds digit of j?
3
Let m be 7 - (12/6 - (-2)/1). Suppose 0 = 3*b + m*b - 1956. What is the tens digit of b?
2
Let q(l) be the second derivative of 0 - 5*l - 7/3*l**3 + 7/4*l**4 - 13/2*l**2 - 1/20*l**5. What is the tens digit of q(20)?
0
Let g = -660 + 1274. Let f = g - 315. What is the tens digit of f?
9
Let r = 1317 + 721. Suppose 4306 = 4*g - r. What is the tens digit of g?
8
Suppose -t + s = 0, 3*s = 5*t + 4 + 2. What is the hundreds digit of 14/t*31740/(-161)?
9
Let q = 73 + -70. Suppose -336 = -4*d - q*b - 0*b, -4*d - 2*b + 332 = 0. Let x = 5 + d. What is the units digit of x?
6
Suppose 369 = 7*s + 75. Suppose -38*c + s*c - 92 = 0. What is the tens digit of c?
2
Suppose 0 = 4*q - 1 + 5. Let d be ((-6)/(-9))/(q/27*-6). Suppose -2*t - t + 3 = 0, -d*a = 4*t - 217. What is the units digit of a?
1
Suppose 13 = 4*c - 39. Suppose 5*b + 2*a + 94 = 0, 0 = 2*b - 3*a + c + 17. What is the units digit of -1 + 16/(-6)*b?
7
Let h = 30047 - -906. What is the thousands digit of h?
0
Let u = 11533 - 6156. What is the units digit of u?
7
Let d be 12/12 + 1*(1 - -12289). Suppose -z - 4*o = -3057, 11*z + 5*o = 15*z - d. What is the units digit of z/12 + (-1)/(-4)?
6
Suppose 25*l = 12*l + 195195. Suppose -140*o = -153*o + l. What is the units digit of o?
5
Let f(q) = -29*q**3 - q**2 + 10*q + 20. Suppose 7*w - 8 = -22. What is the tens digit of f(w)?
2
Let o(a) = 2*a + 849. What is the hundreds digit of o(7)?
8
Suppose 0 = -17*k + 171*k - 4798565 + 175331. What is the hundreds digit of k?
0
Suppose -3*k + 4*h + 68644 = 0, 2*h = 91 - 105. What is the ten thousands digit of k?
2
Suppose -8*s + 9*s = -5. Let i be ((0 - 4) + 0)*s. Suppose -i*l - 152 = -22*l. What is the tens digit of l?
7
Suppose -27*j = -25*j + 4706. Let k = j - -3523. Suppose k = 2*c + 7*c. What is the units digit of c?
0
Suppose -4*m - 14 = -f, 5*f - f - 23 = 5*m. Let u(b) = 27 + 12*b - 3 + b**3 - 8*b + 7*b**f + 4*b**2. What is the tens digit of u(-10)?
8
Suppose 0 = 391*w - 349*w - 1271424. What is the tens digit of w?
7
Let o(z) be the first derivative of -z**3/3 - 3*z**2 - 8*z + 21. Let g be o(-4). Suppose 5*p - 433 - 252 = g. What is the tens digit of p?
3
What is the hundreds digit of -1 - 12/(-14) - (-11)/(-154)*-68938?
9
Let c(p) = 4*p**3 - 20*p**2 + p - 3. Let j be c(5). Let o be ((-1)/j)/(-8 + 28005/3500). Let v = o - -637. What is the units digit of v?
7
What is the ten thousands digit of (12532 - 46) + -2 + 3?
1
Let n(c) = -7*c - 70. Let z be n(-7). What is the units digit of 2/3 - 7672/z?
6
Suppose 62*s = 117*s - 60*s + 1750. What is the tens digit of s?
5
Let o(a) = 2*a**2 - 4*a - 18. Suppose 11 + 97 = 3*z. Suppose -37*w = -33*w - z. What is the units digit of o(w)?
8
Let q = -129 + 67. Let k(y) = -y**3 + 6*y + 8. Let g be k(-3). What is the tens digit of (g + -18)*(1 + q)?
6
Suppose -3069 = 12*p - 15732 - 11709. What is the units digit of p?
1
Let n(q) = 2998*q**2 - 9*q + 10. Let c be n(1). Let b = c + -2054. What is the tens digit of b?
4
Let r = -2329 + 8345. What is the units digit of r?
6
Suppose 7206 = -144*c + 147*c. Suppose -3*w = 3*v - 94 - c, 5*v - 852 = -w. What is the units digit of w?
7
Let u(p) be the first derivative of -p**4/4 - 9*p**3 - 107*p**2/2 - 26*p - 262. What is the tens digit of u(-23)?
1
Let q be ((-316)/26 + 42/273)/(-2). Let d(s) = q*s + 8 - 13*s + 18*s + 14*s. What is the units digit of d(1)?
3
Let w(x) = -x**3 - 13*x**2 - 13*x + 27. Let v be w(-12). Let f be (-2)/8 - v/52. What is the units digit of 861/15 + -2*f/(-5)?
7
Let r be (-151795)/(-15) + -5 + 80/15. Suppose 12*y = y + r. What is the units digit of y?
0
Let t(f) = 2*f - 2. Let q be t(3). Let r be (-2 - 54/q)*6. Let h = 5 - r. What is the tens digit of h?
9
Suppose 0 = 3*p, 6*v + 3*p = 2*v + 2662 - 1494. What is the tens digit of v?
9
Let v(o) = -o**3 + 12*o**2 - 12*o + 13. Let u be v(11). Suppose -5*i + 10 = 0, -362 = -u*z - 2*z + 3*i. Suppose 3*q - 13 = z. What is the tens digit of q?
3
Let q(f) = f**3 + 5*f**2 + f - 11. Let i(k) = k**2 - 11*k - 46. Let t be i(-3). What is the units digit of q(t)?
1
Suppose 0 = -x - q + 284, -q - 1339 = -5*x + 69. What is the units digit of x/12*(-28)/(-2)?
9
Suppose -5*i + 4*m + 12 = 0, -19*i + 22 = -14*i + m. Suppose -314 = -u - u - 2*s, -i*u - 3*s + 631 = 0. What is the units digit of u?
0
Suppose -194279 = 62*t - 642415. What is the hundreds digit of t?
2
Suppose -112725 = -5*p + 37*g - 41*g, -4*p - 4*g + 90184 = 0. What is the thousands digit of p?
2
Suppose -2*j + 40 = 2*q, 2*q + 9 - 24 = 3*j. Suppose -9*s + 6*s + q = 0, 3*s + 3834 = 3*l. What is the tens digit of l?
8
Let r(d) be the second derivative of -5*d**3/3 - 5*d**2 - 11*d. Let i be r(8). Let y = 157 + i. What is the tens digit of y?
6
Suppose -1230 = -4*m - 2*m. Let i = 286 - m. What is the units digit of i?
1
Suppose -7 = -o + d, d + 6 = 5*o - 13. Suppose 394 = o*m - 530. What is the units digit of m?
8
Suppose -4*d - r + 5491 = 0, r - 4401 = -3*d - 284. Suppose 0 = -4*j - 5*o + 5547, 4*j - 3*j = 3*o + d. What is the thousands digit of j?
1
What is the units digit of (-13)/(-52)*4196 + (18/(-3))/(-2)?
2
Let y = 567 - -4262. What is the units digit of 0 - (-2)/10 - y/(-5)?
6
Let d(m) = -m**3 - 24*m**2 + 25*m + 9. Let s be d(-25). Suppose 4*x = 5*c - 8492, -s*c = -4*c - 2*x - 8486. What is the thousands digit of c?
1
Let z be 3/(-3*(-6)/(-156)). Suppose 0 = -5*g, -k + 3*g - 236 = -3*k. Let b = z + k. What is the units digit of b?
2
Let r = 38 - 38. Suppose r = -8*o - 30 + 102. Suppose o*k + 216 = 13*k. What is the units digit of k?
4
Suppose -7*k = -5*k, -3*x + 417 = -7*k. Let b be (2/2)/(2/(-42)). Let v = b + x. What is the units digit of v?
8
What is the hundreds digit of 428/535 + 263814/(-45)*-6?
1
Let g be 3 + 290/(-90) + 9173/9. Let s = g - 585. What is the units digit of s?
4
Let x be 1/(-6) + (-690947)/(-282). Suppose 0 = 3*h + 2*b - 4773, 5*h - 5504 = -3*b + x. What is the tens digit of h?
8
What is the units digit of (-9 - 18160)*(-2 + (10 - 9))?
9
Let p be 90/36*(1 + -17). Let l = -38 - p. Suppose 2*n - 86 = -2*a, 4*n + 197 = 3*a + l*a. What is the units digit of a?
1
Let n = -40592 + 90121. What is the units digit of n?
9
Suppose a - 21530 = 3*t, 2183 = -a + t + 23709. What is the tens digit of a?
2
Let l(f) = -31*f**3 + 2*f**2 + 51*f + 374. What is the thousands digit of l(-6)?
6
Suppose 105*u - 97*u + 24 = 0. What is the units digit of (-2)/(-1) + 2 + u + 204?
5
Let m be ((-6)/10)/((-1)/5 + 0). Suppose 4*r = -5*q + 466, -2*q + m*q - 2*r - 82 = 0. Suppose q = 7*f - f. What is the tens digit of f?
1
Let o be (-36)/(-10) - (-36)/(-60). Suppose -5*b + 0*r = -4*r - 37, 9 = -o*r. What is the tens digit of (-40)/12*-35*6/b?
4
Let a(w) = -w**3 + 6*w**2 - 4. Let q be a(4). Let i be ((-9)/(-12))/(3/q). Suppose -20 = -k + i. What is the tens digit of k?
2
Let l = -8827 + 30689. What is the hundreds digit of l?
8
Suppose -134*r - 191307 = -372744 - 614657. What is the hundreds digit of r?
9
Suppose -522*d = -68*d + 83*d - 17019141. What is the tens digit of d?
9
Suppose 286*d + 311897 = 42*d + 1581429. What is the tens digit of d?
0
Suppose -478019 = -5*y - 2*q, 24*y - 20*y = -5*q + 382405. What is the units digit of y?
5
Let w be (-5 - (0 + 0)) + 11. What is the units digit of 1604/w - 22/66?
7
Let t(j) = -3*j + 79. Let y be t(24). Let q(f) = 2*f**2 + 0*f - f**2 - 2*f + 4*f**2 - 7. What is the units digit of q(y)?
4
Suppose 0 = -5*w + 3*a + 44330, -35451 = 30*w - 34*w + 5*a. What is the hundreds digit of w?
8
Suppose 59*s = 25063 + 42492. Let l = s - -175. What is the hundreds digit of l?
3
What is the ten thousands digit of 57114/4 + 204/136?
1
Let p(r) be the second derivative of r**4/2 + 7*r**3/6 + 10*r**2 - 8*